{"id":961,"date":"2019-09-23T14:10:50","date_gmt":"2019-09-23T14:10:50","guid":{"rendered":"http:\/\/abuchecker.ch\/abufri\/?page_id=961"},"modified":"2021-01-11T17:25:41","modified_gmt":"2021-01-11T17:25:41","slug":"gesellschaft","status":"publish","type":"page","link":"https:\/\/abuchecker.ch\/abufri\/?page_id=961","title":{"rendered":"Gesellschaft"},"content":{"rendered":"<h5><strong>Lernbereich Gesellschaft<\/strong><\/h5>\n<p>Das Fach Gesellschaft vermittelt grundlegende Kompetenzen zur Orientierung im pers\u00f6nlichen Lebenskontext und in der Gesellschaft sowie zur Bew\u00e4ltigung von privaten und beruflichen Herausforderungen.<\/p>\n<div><\/div>\n<div><\/div>\n<div><\/div>\n<p>&nbsp;<\/p>\n<h5><strong>Ziele<\/strong><\/h5>\n<ul>\n<li>die Entwicklung der Pers\u00f6nlichkeit<\/li>\n<li>die Integration des Individuums in die Gesellschaft<\/li>\n<li>die F\u00f6rderung von F\u00e4higkeiten zum Erlernen und Aus\u00fcben eines Berufs<\/li>\n<li>die F\u00f6rderung von wirtschaftlichen, \u00f6kologischen, sozialen und kulturellen Kenntnissen und F\u00e4higkeiten, welche die Lernenden dazu bef\u00e4higen, zu einer nachhaltigen Entwicklung beizutragen<\/li>\n<li>die Verwirklichung der Chancengleichheit f\u00fcr Lernende beider Geschlechter, f\u00fcr Lernende mit unterschiedlichen Bildungsbiografien oder unterschiedlichen kulturellen Erfahrungen<\/li>\n<\/ul>\n<p>&nbsp;<\/p>\n<h5>Aspekte<\/h5>\n<p>Innerhalb jedes Themas des Schullehrplans wird das zu vermittelnde Wissen von mehreren Aspekten her erarbeitet und mit Sprache und Kommunikation verkn\u00fcpft:<\/p>\n<div>\n<ul>\n<li><strong><strong>Ethik<\/strong><\/strong>\n<p><figure id=\"attachment_980\" aria-describedby=\"caption-attachment-980\" style=\"width: 270px\" class=\"wp-caption alignright\"><img loading=\"lazy\" decoding=\"async\" class=\"wp-image-980 \" src=\"https:\/\/abuchecker.ch\/abufri\/wp-content\/uploads\/2019\/10\/8-Aspekte-e1571299177688.png\" alt=\"\" width=\"270\" height=\"250\" \/><figcaption id=\"caption-attachment-980\" class=\"wp-caption-text\">Die Gesellschaftsthemen werden mit Aspekten betrachtet und mit Sprache und Kommunikation verkn\u00fcpft.<\/figcaption><\/figure><\/li>\n<li><strong>Identit\u00e4t und Sozialisation<\/strong><\/li>\n<li><strong>Kultur<\/strong><\/li>\n<li><strong>\u00d6kologie<\/strong><\/li>\n<li><strong>Politik<\/strong><\/li>\n<li><strong>Recht<\/strong><\/li>\n<li><strong>Technologie<\/strong><\/li>\n<li><strong>Wirtschaft<\/strong><\/li>\n<\/ul>\n<\/div>\n<div><\/div>\n<div><\/div>\n<div>\n<div><\/div>\n<div><\/div>\n<div><\/div>\n<div><\/div>\n<\/div>\n<h5><\/h5>\n<p>&nbsp;<\/p>\n<p>&nbsp;<\/p>\n<div>\n<h5><\/h5>\n<h5>Themen<\/h5>\n<p>1. Einstieg in die Berufswelt<\/p>\n<p>2. Geld und Konsum<\/p>\n<p>3.Freizeit, Risiko und Sicherheit<\/p>\n<p>4. Vollj\u00e4hrigkeit<\/p>\n<p>5. Wirtschaft und Nachhaltigkeit I<\/p>\n<p>6. Zusammenleben<\/p>\n<p>7. Wirtschaft und Nachhaltigkeit II<\/p>\n<p>8. Zukunft gestalten<\/p>\n<p>9. Kunst und Kultur<\/p>\n<p>10. Politische Mitverantwortung<\/p>\n<\/div>\n<p>&nbsp;<\/p>\n<p>&nbsp;<\/p>\n<p>Zus\u00e4tzliche Blickwinkel wie Geschichte, Gender und Nachhaltigkeit erweitern diesen Zugang.<\/p>\n<h5><b>Lehrmittel<\/b><\/h5>\n<ul>\n<li>Buch Gesellschaft; hep-verlag<\/li>\n<\/ul>\n<p>&nbsp;<\/p>\n<p>&nbsp;<\/p>\n<p>&nbsp;<\/p>\n","protected":false},"excerpt":{"rendered":"<p>Lernbereich Gesellschaft Das Fach Gesellschaft vermittelt grundlegende Kompetenzen zur Orientierung im pers\u00f6nlichen Lebenskontext und in der Gesellschaft sowie zur Bew\u00e4ltigung&hellip;<\/p>\n","protected":false},"author":1,"featured_media":1152,"parent":0,"menu_order":0,"comment_status":"closed","ping_status":"closed","template":"","meta":{"footnotes":""},"class_list":["post-961","page","type-page","status-publish","has-post-thumbnail","hentry"],"_links":{"self":[{"href":"https:\/\/abuchecker.ch\/abufri\/index.php?rest_route=\/wp\/v2\/pages\/961","targetHints":{"allow":["GET"]}}],"collection":[{"href":"https:\/\/abuchecker.ch\/abufri\/index.php?rest_route=\/wp\/v2\/pages"}],"about":[{"href":"https:\/\/abuchecker.ch\/abufri\/index.php?rest_route=\/wp\/v2\/types\/page"}],"author":[{"embeddable":true,"href":"https:\/\/abuchecker.ch\/abufri\/index.php?rest_route=\/wp\/v2\/users\/1"}],"replies":[{"embeddable":true,"href":"https:\/\/abuchecker.ch\/abufri\/index.php?rest_route=%2Fwp%2Fv2%2Fcomments&post=961"}],"version-history":[{"count":26,"href":"https:\/\/abuchecker.ch\/abufri\/index.php?rest_route=\/wp\/v2\/pages\/961\/revisions"}],"predecessor-version":[{"id":1851,"href":"https:\/\/abuchecker.ch\/abufri\/index.php?rest_route=\/wp\/v2\/pages\/961\/revisions\/1851"}],"wp:featuredmedia":[{"embeddable":true,"href":"https:\/\/abuchecker.ch\/abufri\/index.php?rest_route=\/wp\/v2\/media\/1152"}],"wp:attachment":[{"href":"https:\/\/abuchecker.ch\/abufri\/index.php?rest_route=%2Fwp%2Fv2%2Fmedia&parent=961"}],"curies":[{"name":"wp","href":"https:\/\/api.w.org\/{rel}","templated":true}]}}

<h5><strong>Lernbereich Gesellschaft</strong></h5>
<p>Das Fach Gesellschaft vermittelt grundlegende Kompetenzen zur Orientierung im persönlichen Lebenskontext und in der Gesellschaft sowie zur Bewältigung von privaten und beruflichen Herausforderungen.</p>
<div></div>
<div></div>
<div></div>
<p>&nbsp;</p>
<h5><strong>Ziele</strong></h5>
<ul>
<li>die Entwicklung der Persönlichkeit</li>
<li>die Integration des Individuums in die Gesellschaft</li>
<li>die Förderung von Fähigkeiten zum Erlernen und Ausüben eines Berufs</li>
<li>die Förderung von wirtschaftlichen, ökologischen, sozialen und kulturellen Kenntnissen und Fähigkeiten, welche die Lernenden dazu befähigen, zu einer nachhaltigen Entwicklung beizutragen</li>
<li>die Verwirklichung der Chancengleichheit für Lernende beider Geschlechter, für Lernende mit unterschiedlichen Bildungsbiografien oder unterschiedlichen kulturellen Erfahrungen</li>
</ul>
<p>&nbsp;</p>
<h5>Aspekte</h5>
<p>Innerhalb jedes Themas des Schullehrplans wird das zu vermittelnde Wissen von mehreren Aspekten her erarbeitet und mit Sprache und Kommunikation verknüpft:</p>
<div>
<ul>
<li><strong><strong>Ethik</strong></strong>
<p><figure id="attachment_980" aria-describedby="caption-attachment-980" style="width: 270px" class="wp-caption alignright"><img loading="lazy" decoding="async" class="wp-image-980 " src="https://abuchecker.ch/abufri/wp-content/uploads/2019/10/8-Aspekte-e1571299177688.png" alt="" width="270" height="250" /><figcaption id="caption-attachment-980" class="wp-caption-text">Die Gesellschaftsthemen werden mit Aspekten betrachtet und mit Sprache und Kommunikation verknüpft.</figcaption></figure></li>
<li><strong>Identität und Sozialisation</strong></li>
<li><strong>Kultur</strong></li>
<li><strong>Ökologie</strong></li>
<li><strong>Politik</strong></li>
<li><strong>Recht</strong></li>
<li><strong>Technologie</strong></li>
<li><strong>Wirtschaft</strong></li>
</ul>
</div>
<div></div>
<div></div>
<div>
<div></div>
<div></div>
<div></div>
<div></div>
</div>
<h5></h5>
<p>&nbsp;</p>
<p>&nbsp;</p>
<div>
<h5></h5>
<h5>Themen</h5>
<p>1. Einstieg in die Berufswelt</p>
<p>2. Geld und Konsum</p>
<p>3.Freizeit, Risiko und Sicherheit</p>
<p>4. Volljährigkeit</p>
<p>5. Wirtschaft und Nachhaltigkeit I</p>
<p>6. Zusammenleben</p>
<p>7. Wirtschaft und Nachhaltigkeit II</p>
<p>8. Zukunft gestalten</p>
<p>9. Kunst und Kultur</p>
<p>10. Politische Mitverantwortung</p>
</div>
<p>&nbsp;</p>
<p>&nbsp;</p>
<p>Zusätzliche Blickwinkel wie Geschichte, Gender und Nachhaltigkeit erweitern diesen Zugang.</p>
<h5><b>Lehrmittel</b></h5>
<ul>
<li>Buch Gesellschaft; hep-verlag</li>
</ul>
<p>&nbsp;</p>
<p>&nbsp;</p>
<p>&nbsp;</p>

<p>Lernbereich Gesellschaft Das Fach Gesellschaft vermittelt grundlegende Kompetenzen zur Orientierung im persönlichen Lebenskontext und in der Gesellschaft sowie zur Bewältigung&hellip;</p>
