{"id":915,"date":"2019-09-11T07:39:55","date_gmt":"2019-09-11T07:39:55","guid":{"rendered":"http:\/\/abuchecker.ch\/abufri\/?page_id=915"},"modified":"2023-03-01T15:06:58","modified_gmt":"2023-03-01T15:06:58","slug":"schullehrplan","status":"publish","type":"page","link":"https:\/\/abuchecker.ch\/abufri\/?page_id=915","title":{"rendered":"Schullehrplan"},"content":{"rendered":"<h5><strong>Der Schullehrplan<\/strong><\/h5>\n<p>Der Schullehrplan setzt den Rahmenlehrplan im allgemeinbildenden Unterricht an der Berufsfachschule um. Er<\/p>\n<ul>\n<li>organisiert den allgemeinbildenden Unterricht an der Berufsfachschule<\/li>\n<li>legt die Themen fest<\/li>\n<li>zeigt die F\u00f6rderung der Kompetenzen auf<\/li>\n<li>bestimmt das Qualifikationsverfahren<\/li>\n<li>konkretisiert die fach\u00fcbergreifende Zusammenarbeit aller Lernorte.<\/li>\n<li>Der Schullehrplan kann weitere f\u00fcr die Berufsfachschule wichtige Aufgaben regeln wie besondere F\u00f6rderangebote f\u00fcr die Lernenden, Freif\u00e4cher oder Mitsprachem\u00f6glichkeiten der Lernenden.<\/li>\n<\/ul>\n<p>Den prov. Schullehrplan der GIBS Freiburg (Stand 12.2020)\u00a0 findest du hier!<\/p>\n<p><span style=\"color: #339966;\"><a style=\"color: #339966;\" href=\"https:\/\/abuchecker.ch\/abufri\/?attachment_id=2307\" rel=\"attachment wp-att-2307\">Schullehrplan GIBS 2021 V8.0 &#8211; 1.-4. LJ &#8211; Teil 1<\/a><\/span><\/p>\n<p><span style=\"color: #339966;\"><a style=\"color: #339966;\" href=\"https:\/\/abuchecker.ch\/abufri\/?attachment_id=2306\" rel=\"attachment wp-att-2306\">Schullehrplan GIBS 2021 V8.0 <\/a><a style=\"color: #339966;\" href=\"https:\/\/abuchecker.ch\/abufri\/?attachment_id=2306\" rel=\"attachment wp-att-2306\">&#8211; 3.-4. LJ &#8211; Teil 2<\/a>\u00a0<\/span><\/p>\n","protected":false},"excerpt":{"rendered":"<p>Der Schullehrplan Der Schullehrplan setzt den Rahmenlehrplan im allgemeinbildenden Unterricht an der Berufsfachschule um. Er organisiert den allgemeinbildenden Unterricht an&hellip;<\/p>\n","protected":false},"author":1,"featured_media":1158,"parent":0,"menu_order":0,"comment_status":"closed","ping_status":"closed","template":"","meta":{"footnotes":""},"class_list":["post-915","page","type-page","status-publish","has-post-thumbnail","hentry"],"_links":{"self":[{"href":"https:\/\/abuchecker.ch\/abufri\/index.php?rest_route=\/wp\/v2\/pages\/915","targetHints":{"allow":["GET"]}}],"collection":[{"href":"https:\/\/abuchecker.ch\/abufri\/index.php?rest_route=\/wp\/v2\/pages"}],"about":[{"href":"https:\/\/abuchecker.ch\/abufri\/index.php?rest_route=\/wp\/v2\/types\/page"}],"author":[{"embeddable":true,"href":"https:\/\/abuchecker.ch\/abufri\/index.php?rest_route=\/wp\/v2\/users\/1"}],"replies":[{"embeddable":true,"href":"https:\/\/abuchecker.ch\/abufri\/index.php?rest_route=%2Fwp%2Fv2%2Fcomments&post=915"}],"version-history":[{"count":13,"href":"https:\/\/abuchecker.ch\/abufri\/index.php?rest_route=\/wp\/v2\/pages\/915\/revisions"}],"predecessor-version":[{"id":2308,"href":"https:\/\/abuchecker.ch\/abufri\/index.php?rest_route=\/wp\/v2\/pages\/915\/revisions\/2308"}],"wp:featuredmedia":[{"embeddable":true,"href":"https:\/\/abuchecker.ch\/abufri\/index.php?rest_route=\/wp\/v2\/media\/1158"}],"wp:attachment":[{"href":"https:\/\/abuchecker.ch\/abufri\/index.php?rest_route=%2Fwp%2Fv2%2Fmedia&parent=915"}],"curies":[{"name":"wp","href":"https:\/\/api.w.org\/{rel}","templated":true}]}}

<h5><strong>Der Schullehrplan</strong></h5>
<p>Der Schullehrplan setzt den Rahmenlehrplan im allgemeinbildenden Unterricht an der Berufsfachschule um. Er</p>
<ul>
<li>organisiert den allgemeinbildenden Unterricht an der Berufsfachschule</li>
<li>legt die Themen fest</li>
<li>zeigt die Förderung der Kompetenzen auf</li>
<li>bestimmt das Qualifikationsverfahren</li>
<li>konkretisiert die fachübergreifende Zusammenarbeit aller Lernorte.</li>
<li>Der Schullehrplan kann weitere für die Berufsfachschule wichtige Aufgaben regeln wie besondere Förderangebote für die Lernenden, Freifächer oder Mitsprachemöglichkeiten der Lernenden.</li>
</ul>
<p>Den prov. Schullehrplan der GIBS Freiburg (Stand 12.2020)  findest du hier!</p>
<p><span style="color: #339966;"><a style="color: #339966;" href="https://abuchecker.ch/abufri/?attachment_id=2307" rel="attachment wp-att-2307">Schullehrplan GIBS 2021 V8.0 &#8211; 1.-4. LJ &#8211; Teil 1</a></span></p>
<p><span style="color: #339966;"><a style="color: #339966;" href="https://abuchecker.ch/abufri/?attachment_id=2306" rel="attachment wp-att-2306">Schullehrplan GIBS 2021 V8.0 </a><a style="color: #339966;" href="https://abuchecker.ch/abufri/?attachment_id=2306" rel="attachment wp-att-2306">&#8211; 3.-4. LJ &#8211; Teil 2</a> </span></p>
