{"id":1685,"date":"2020-09-16T09:05:53","date_gmt":"2020-09-16T09:05:53","guid":{"rendered":"http:\/\/abuchecker.ch\/abufri\/?page_id=1685"},"modified":"2021-10-14T11:26:33","modified_gmt":"2021-10-14T11:26:33","slug":"zukunft-gestalten","status":"publish","type":"page","link":"https:\/\/abuchecker.ch\/abufri\/?page_id=1685","title":{"rendered":"8. Berufliche Zukunft"},"content":{"rendered":"<h5>Links<\/h5>\n<hr \/>\n<pre><a href=\"https:\/\/www.berufsberatung.ch\/dyn\/show\/22269\">Berufsberatung.ch<\/a><\/pre>\n<p>Bewerbungsdossier mit Vorlagen<\/p>\n<hr \/>\n<pre><a href=\"https:\/\/www.ch.ch\/\">Infoportal ch.ch<\/a><\/pre>\n<hr \/>\n<pre><a href=\"https:\/\/www.srf.ch\/sendungen\/kassensturz-espresso\/rechtsfragen\/arbeitsrecht\">Arbeitsrecht - Kassensturz Espresso<\/a><\/pre>\n<h6>Rechtsf\u00e4lle im Alltag mit Radiobeitrag und Expertenmeinung<\/h6>\n<hr \/>\n<pre><a href=\"https:\/\/www.kmu.admin.ch\/kmu\/de\/home\/praktisches-wissen\/personal\/arbeitsrecht.html\">Arbeitsrecht - die gesetzlichen Grundlagen (admin)<\/a><\/pre>\n<p><b>Sowohl f\u00fcr Arbeitgebende als auch f\u00fcr Arbeitnehmende ist es \u00e4usserst wichtig, dass sie ihre Rechte und Pflichten kennen. Ein \u00dcberblick \u00fcber die in der Schweiz geltenden Regeln.<\/b><\/p>\n<hr \/>\n<p>&nbsp;<\/p>\n<p>&nbsp;<\/p>\n<p>&nbsp;<\/p>\n<p>&nbsp;<\/p>\n<p>&nbsp;<\/p>\n<p>&nbsp;<\/p>\n<p>&nbsp;<\/p>\n<p>&nbsp;<\/p>\n<p>&nbsp;<\/p>\n<p>&nbsp;<\/p>\n<p>&nbsp;<\/p>\n<p>&nbsp;<\/p>\n<p>&nbsp;<\/p>\n<p>&nbsp;<\/p>\n<p>&nbsp;<\/p>\n<p>&nbsp;<\/p>\n<p>&nbsp;<\/p>\n<p>&nbsp;<\/p>\n","protected":false},"excerpt":{"rendered":"<p>Links Berufsberatung.ch Bewerbungsdossier mit Vorlagen Infoportal ch.ch Arbeitsrecht &#8211; Kassensturz Espresso Rechtsf\u00e4lle im Alltag mit Radiobeitrag und Expertenmeinung Arbeitsrecht -&hellip;<\/p>\n","protected":false},"author":1,"featured_media":1715,"parent":0,"menu_order":0,"comment_status":"closed","ping_status":"closed","template":"","meta":{"footnotes":""},"class_list":["post-1685","page","type-page","status-publish","has-post-thumbnail","hentry"],"_links":{"self":[{"href":"https:\/\/abuchecker.ch\/abufri\/index.php?rest_route=\/wp\/v2\/pages\/1685","targetHints":{"allow":["GET"]}}],"collection":[{"href":"https:\/\/abuchecker.ch\/abufri\/index.php?rest_route=\/wp\/v2\/pages"}],"about":[{"href":"https:\/\/abuchecker.ch\/abufri\/index.php?rest_route=\/wp\/v2\/types\/page"}],"author":[{"embeddable":true,"href":"https:\/\/abuchecker.ch\/abufri\/index.php?rest_route=\/wp\/v2\/users\/1"}],"replies":[{"embeddable":true,"href":"https:\/\/abuchecker.ch\/abufri\/index.php?rest_route=%2Fwp%2Fv2%2Fcomments&post=1685"}],"version-history":[{"count":8,"href":"https:\/\/abuchecker.ch\/abufri\/index.php?rest_route=\/wp\/v2\/pages\/1685\/revisions"}],"predecessor-version":[{"id":2176,"href":"https:\/\/abuchecker.ch\/abufri\/index.php?rest_route=\/wp\/v2\/pages\/1685\/revisions\/2176"}],"wp:featuredmedia":[{"embeddable":true,"href":"https:\/\/abuchecker.ch\/abufri\/index.php?rest_route=\/wp\/v2\/media\/1715"}],"wp:attachment":[{"href":"https:\/\/abuchecker.ch\/abufri\/index.php?rest_route=%2Fwp%2Fv2%2Fmedia&parent=1685"}],"curies":[{"name":"wp","href":"https:\/\/api.w.org\/{rel}","templated":true}]}}

<h5>Links</h5>
<hr />
<pre><a href="https://www.berufsberatung.ch/dyn/show/22269">Berufsberatung.ch</a></pre>
<p>Bewerbungsdossier mit Vorlagen</p>
<hr />
<pre><a href="https://www.ch.ch/">Infoportal ch.ch</a></pre>
<hr />
<pre><a href="https://www.srf.ch/sendungen/kassensturz-espresso/rechtsfragen/arbeitsrecht">Arbeitsrecht - Kassensturz Espresso</a></pre>
<h6>Rechtsfälle im Alltag mit Radiobeitrag und Expertenmeinung</h6>
<hr />
<pre><a href="https://www.kmu.admin.ch/kmu/de/home/praktisches-wissen/personal/arbeitsrecht.html">Arbeitsrecht - die gesetzlichen Grundlagen (admin)</a></pre>
<p><b>Sowohl für Arbeitgebende als auch für Arbeitnehmende ist es äusserst wichtig, dass sie ihre Rechte und Pflichten kennen. Ein Überblick über die in der Schweiz geltenden Regeln.</b></p>
<hr />
<p>&nbsp;</p>
<p>&nbsp;</p>
<p>&nbsp;</p>
<p>&nbsp;</p>
<p>&nbsp;</p>
<p>&nbsp;</p>
<p>&nbsp;</p>
<p>&nbsp;</p>
<p>&nbsp;</p>
<p>&nbsp;</p>
<p>&nbsp;</p>
<p>&nbsp;</p>
<p>&nbsp;</p>
<p>&nbsp;</p>
<p>&nbsp;</p>
<p>&nbsp;</p>
<p>&nbsp;</p>
<p>&nbsp;</p>

<p>Links Berufsberatung.ch Bewerbungsdossier mit Vorlagen Infoportal ch.ch Arbeitsrecht &#8211; Kassensturz Espresso Rechtsfälle im Alltag mit Radiobeitrag und Expertenmeinung Arbeitsrecht -&hellip;</p>
