{"id":1673,"date":"2020-09-16T08:30:44","date_gmt":"2020-09-16T08:30:44","guid":{"rendered":"http:\/\/abuchecker.ch\/abufri\/?page_id=1673"},"modified":"2021-10-14T11:22:49","modified_gmt":"2021-10-14T11:22:49","slug":"volljaehrigkeit","status":"publish","type":"page","link":"https:\/\/abuchecker.ch\/abufri\/?page_id=1673","title":{"rendered":"4. Vollj\u00e4hrigkeit"},"content":{"rendered":"<h5>Links<\/h5>\n<h5>Recht<\/h5>\n<hr \/>\n<pre><span style=\"color: #008000;\"><a style=\"color: #008000;\" href=\"https:\/\/www.lexwiki.ch\/ueberstunden-und-ueberzeit\/\">Lexwiki<\/a><\/span><\/pre>\n<p><strong>lexwiki.ch ist eine unabh\u00e4ngige Online-Plattform zu juristischen Praxisthemen im Schweizer Recht. Hier wird <\/strong><strong>Recht verst\u00e4ndlich\u00a0 von einem Rechtsanwalt \u00fcberpr\u00fcft. Sehr empfehlenswert! Mit einer Suchfunktion werden viele Begriffe aus dem Arbeitsleben, auch Lehre kurz und b\u00fcndig mit Ausgangslage, Definition, Hintergrund&amp; Praxisbeispiel beschrieben.\u00a0<\/strong><\/p>\n<hr \/>\n<pre><span style=\"color: #008000;\"><a style=\"color: #008000;\" href=\"https:\/\/www.tschau.ch\/rechte-pflichten\/gesetze\/gesetze-nach-alter\/\">tschau.ch<\/a><\/span><\/pre>\n<h6>E-Beratung und Jugendinformation f\u00fcr die Lernenden &#8211; falls das Gesetzbuch zu kompliziert ist!<\/h6>\n<hr \/>\n<pre><span style=\"color: #008000;\"><a style=\"color: #008000;\" href=\"https:\/\/www.berufsbildung.ch\/download\/mb21.pdf\">Vollj\u00e4hrigkeit in der Berufsbildung - Merkblatt <\/a><\/span><\/pre>\n<h6>Viele Lernende werden w\u00e4hrend der beruflichen Grundbildung 18 Jahre alt und somit vollj\u00e4hrig. Rechtlich ver\u00e4ndert sich damit einiges \u2013 f\u00fcr die Lernenden sowie f\u00fcr die Berufsbildner\/innen.<\/h6>\n<hr \/>\n<pre><span style=\"color: #000000;\"><a style=\"color: #000000;\" href=\"https:\/\/www.ch.ch\/de\/volljahrig\/\"><span style=\"color: #008000;\">Infoportal ch.ch<\/span><\/a><\/span><\/pre>\n<p><strong>Die Schweizer Beh\u00f6rde online<\/strong><\/p>\n<hr \/>\n<pre><span style=\"color: #008000;\"><a style=\"color: #008000;\" href=\"https:\/\/www.admin.ch\/opc\/de\/classified-compilation\/19370083\/index.html\">Strafrecht \u2013 Strafrechtspflege \u2013 Strafvollzug<\/a>\u00a0<\/span><\/pre>\n<h6>Das Strafgesetzbuch online aus dem Portal der Schweizer Regierung<\/h6>\n<hr \/>\n<pre><span style=\"color: #000000;\"><a style=\"color: #000000;\" href=\"https:\/\/www.bfs.admin.ch\/bfs\/de\/home\/statistiken\/kriminalitaet-strafrecht.html\"><span style=\"color: #008000;\">Statistik - Kriminalit\u00e4t und Strafrecht<\/span><\/a><\/span><\/pre>\n<p><strong>Statistiken und Grafiken v. Bundesamt f\u00fcr Statistik \/ Sektion Kriminalit\u00e4t und Strafrecht<\/strong><\/p>\n<hr \/>\n<p>&nbsp;<\/p>\n<p>&nbsp;<\/p>\n","protected":false},"excerpt":{"rendered":"<p>Links Recht Lexwiki lexwiki.ch ist eine unabh\u00e4ngige Online-Plattform zu juristischen Praxisthemen im Schweizer Recht. Hier wird Recht verst\u00e4ndlich\u00a0 von einem&hellip;<\/p>\n","protected":false},"author":1,"featured_media":1677,"parent":0,"menu_order":0,"comment_status":"closed","ping_status":"closed","template":"","meta":{"footnotes":""},"class_list":["post-1673","page","type-page","status-publish","has-post-thumbnail","hentry"],"_links":{"self":[{"href":"https:\/\/abuchecker.ch\/abufri\/index.php?rest_route=\/wp\/v2\/pages\/1673","targetHints":{"allow":["GET"]}}],"collection":[{"href":"https:\/\/abuchecker.ch\/abufri\/index.php?rest_route=\/wp\/v2\/pages"}],"about":[{"href":"https:\/\/abuchecker.ch\/abufri\/index.php?rest_route=\/wp\/v2\/types\/page"}],"author":[{"embeddable":true,"href":"https:\/\/abuchecker.ch\/abufri\/index.php?rest_route=\/wp\/v2\/users\/1"}],"replies":[{"embeddable":true,"href":"https:\/\/abuchecker.ch\/abufri\/index.php?rest_route=%2Fwp%2Fv2%2Fcomments&post=1673"}],"version-history":[{"count":11,"href":"https:\/\/abuchecker.ch\/abufri\/index.php?rest_route=\/wp\/v2\/pages\/1673\/revisions"}],"predecessor-version":[{"id":2171,"href":"https:\/\/abuchecker.ch\/abufri\/index.php?rest_route=\/wp\/v2\/pages\/1673\/revisions\/2171"}],"wp:featuredmedia":[{"embeddable":true,"href":"https:\/\/abuchecker.ch\/abufri\/index.php?rest_route=\/wp\/v2\/media\/1677"}],"wp:attachment":[{"href":"https:\/\/abuchecker.ch\/abufri\/index.php?rest_route=%2Fwp%2Fv2%2Fmedia&parent=1673"}],"curies":[{"name":"wp","href":"https:\/\/api.w.org\/{rel}","templated":true}]}}

4. Volljährigkeit

<h5>Links</h5>
<h5>Recht</h5>
<hr />
<pre><span style="color: #008000;"><a style="color: #008000;" href="https://www.lexwiki.ch/ueberstunden-und-ueberzeit/">Lexwiki</a></span></pre>
<p><strong>lexwiki.ch ist eine unabhängige Online-Plattform zu juristischen Praxisthemen im Schweizer Recht. Hier wird </strong><strong>Recht verständlich  von einem Rechtsanwalt überprüft. Sehr empfehlenswert! Mit einer Suchfunktion werden viele Begriffe aus dem Arbeitsleben, auch Lehre kurz und bündig mit Ausgangslage, Definition, Hintergrund&amp; Praxisbeispiel beschrieben. </strong></p>
<hr />
<pre><span style="color: #008000;"><a style="color: #008000;" href="https://www.tschau.ch/rechte-pflichten/gesetze/gesetze-nach-alter/">tschau.ch</a></span></pre>
<h6>E-Beratung und Jugendinformation für die Lernenden &#8211; falls das Gesetzbuch zu kompliziert ist!</h6>
<hr />
<pre><span style="color: #008000;"><a style="color: #008000;" href="https://www.berufsbildung.ch/download/mb21.pdf">Volljährigkeit in der Berufsbildung - Merkblatt </a></span></pre>
<h6>Viele Lernende werden während der beruflichen Grundbildung 18 Jahre alt und somit volljährig. Rechtlich verändert sich damit einiges – für die Lernenden sowie für die Berufsbildner/innen.</h6>
<hr />
<pre><span style="color: #000000;"><a style="color: #000000;" href="https://www.ch.ch/de/volljahrig/"><span style="color: #008000;">Infoportal ch.ch</span></a></span></pre>
<p><strong>Die Schweizer Behörde online</strong></p>
<hr />
<pre><span style="color: #008000;"><a style="color: #008000;" href="https://www.admin.ch/opc/de/classified-compilation/19370083/index.html">Strafrecht – Strafrechtspflege – Strafvollzug</a> </span></pre>
<h6>Das Strafgesetzbuch online aus dem Portal der Schweizer Regierung</h6>
<hr />
<pre><span style="color: #000000;"><a style="color: #000000;" href="https://www.bfs.admin.ch/bfs/de/home/statistiken/kriminalitaet-strafrecht.html"><span style="color: #008000;">Statistik - Kriminalität und Strafrecht</span></a></span></pre>
<p><strong>Statistiken und Grafiken v. Bundesamt für Statistik / Sektion Kriminalität und Strafrecht</strong></p>
<hr />
<p>&nbsp;</p>
<p>&nbsp;</p>

<p>Links Recht Lexwiki lexwiki.ch ist eine unabhängige Online-Plattform zu juristischen Praxisthemen im Schweizer Recht. Hier wird Recht verständlich  von einem&hellip;</p>
