{"id":1536,"date":"2020-03-05T12:18:01","date_gmt":"2020-03-05T12:18:01","guid":{"rendered":"http:\/\/abuchecker.ch\/abufri\/?page_id=1536"},"modified":"2021-10-14T11:35:25","modified_gmt":"2021-10-14T11:35:25","slug":"lehrbeginn","status":"publish","type":"page","link":"https:\/\/abuchecker.ch\/abufri\/?page_id=1536","title":{"rendered":"1. Einstieg in die Berufswelt"},"content":{"rendered":"<h5>Links Lehrbeginn<\/h5>\n<pre><span style=\"color: #008000;\"><a style=\"color: #008000;\" href=\"https:\/\/www.rechte-der-lernenden.ch\/\">https:\/\/www.rechte-der-lernenden.ch\/<\/a><\/span><\/pre>\n<pre><span style=\"color: #008000;\"><a style=\"color: #008000;\" href=\"https:\/\/www.berufsbildung.ch\/dyn\/25923.aspx\" target=\"_blank\" rel=\"noopener noreferrer\">Der Lehrvertrag als Erkl\u00e4rvideo<\/a><\/span><\/pre>\n<hr \/>\n<pre>Lehrvertrag als interaktives <a href=\"http:\/\/www.berufsbildung.ch\/dyn\/1475.aspx\" target=\"_blank\" rel=\"noopener noreferrer\">PDF Dokument<\/a><\/pre>\n<hr \/>\n<pre><a href=\"http:\/\/www.berufsbildung.ch\/download\/mb301.pdf\" target=\"_blank\" rel=\"noopener noreferrer\">D<span style=\"color: #008000;\">er Lehrvertrag und Einzelarbeitsvertrag<\/span><\/a><\/pre>\n<pre><span style=\"color: #008000;\"><a style=\"color: #008000;\" href=\"https:\/\/abuchecker.ch\/abufri\/?attachment_id=1539\" target=\"_blank\" rel=\"attachment noopener wp-att-1539 noreferrer\">Wegweiser durch die Berufslehre \u00a0<\/a><\/span><\/pre>\n<hr \/>\n<pre><span style=\"color: #008000;\"><a style=\"color: #008000;\" href=\"http:\/\/www.berufsbildung.ch\/\" target=\"_blank\" rel=\"noopener noreferrer\">www.berufsbildung.ch<\/a><\/span><\/pre>\n<hr \/>\n<pre><span style=\"color: #008000;\">Das <a style=\"color: #008000;\" href=\"http:\/\/doku.berufsbildung.ch\/download\/dokubb\/index.html\" target=\"_blank\" rel=\"noopener noreferrer\">Berufsbildlungssystem online<\/a><\/span><\/pre>\n<hr \/>\n<pre><span style=\"color: #008000;\"><a style=\"color: #008000;\" href=\"http:\/\/doku.berufsbildung.ch\/dyn\/3098.aspx\" target=\"_blank\" rel=\"noopener noreferrer\">Merkbl\u00e4tter<\/a><\/span><\/pre>\n<p><span style=\"color: #008000;\"><a class=\"outlink\" style=\"color: #008000;\" href=\"http:\/\/mb.berufsbildung.ch\/dyn\/24822.aspx\" target=\"_blank\" rel=\"noopener noreferrer\">Arbeitsrechtliche Grundlagen f\u00fcr Lernende in der beruflichen Grundbildung (Nr. 18)<\/a><\/span><br \/>\n<span style=\"color: #008000;\">Das Merkblatt wurde ersetzt durch die Merkblattreihe &#8222;Rechtsgrundlagen f\u00fcr Praxis der Berufsbildung&#8220;.<\/span><br \/>\n<span style=\"color: #008000;\"><a class=\"outlink\" style=\"color: #008000;\" href=\"http:\/\/www.berufsbildung.ch\/download\/mb17.pdf\" target=\"_blank\" rel=\"noopener noreferrer\">Berufliche Grundbildung und Milit\u00e4r (Nr. 17)<\/a><\/span><br \/>\n<span style=\"color: #008000;\"><a class=\"outlink\" style=\"color: #008000;\" href=\"http:\/\/www.berufsbildung.ch\/download\/mb10.pdf\" target=\"_blank\" rel=\"noopener noreferrer\">Berufsmaturit\u00e4t (Nr. 10)<\/a><\/span><br \/>\n<span style=\"color: #008000;\"><a class=\"outlink\" style=\"color: #008000;\" href=\"http:\/\/www.berufsbildung.ch\/download\/mb16.pdf\" target=\"_blank\" rel=\"noopener noreferrer\">Drei- oder vierj\u00e4hrige berufliche Grundbildung mit eidgen\u00f6ssischem F\u00e4higkeitszeugnis (Nr. 16)<\/a><\/span><br \/>\n<span style=\"color: #008000;\"><a class=\"outlink\" style=\"color: #008000;\" href=\"http:\/\/www.berufsbildung.ch\/download\/mb4.pdf\" target=\"_blank\" rel=\"noopener noreferrer\">Ferienregelung f\u00fcr Lernende in der beruflichen Grundbildung (Nr. 4)<\/a><\/span><br \/>\n<span style=\"color: #008000;\"><a class=\"outlink\" style=\"color: #008000;\" href=\"http:\/\/www.berufsbildung.ch\/download\/mb22.pdf\" target=\"_blank\" rel=\"noopener noreferrer\">Gef\u00e4hrliche Arbeiten &#8211; begleitende Massnahmen (Nr. 22)<\/a><\/span><br \/>\n<span style=\"color: #008000;\"><a class=\"outlink\" style=\"color: #008000;\" href=\"http:\/\/www.berufsbildung.ch\/download\/mb20.pdf\" target=\"_blank\" rel=\"noopener noreferrer\">Gr\u00fcndung und Aufbau eines Lehrbetriebsverbunds (Nr. 20)<\/a><\/span><br \/>\n<span style=\"color: #008000;\"><a class=\"outlink\" style=\"color: #008000;\" href=\"http:\/\/www.berufsbildung.ch\/download\/mb2.pdf\" target=\"_blank\" rel=\"noopener noreferrer\">Kurzarbeit im Lehrbetrieb und Schliessung des Lehrbetriebs (Nr. 2)<\/a><\/span><br \/>\n<span style=\"color: #008000;\"><a class=\"outlink\" style=\"color: #008000;\" href=\"http:\/\/www.berufsbildung.ch\/download\/mb19.pdf\" target=\"_blank\" rel=\"noopener noreferrer\">Lehrbetriebsverb\u00fcnde (Nr. 19)<\/a><\/span><br \/>\n<span style=\"color: #008000;\"><a class=\"outlink\" style=\"color: #008000;\" href=\"http:\/\/www.berufsbildung.ch\/download\/mb23.pdf\" target=\"_blank\" rel=\"noopener noreferrer\">Lehrvertragsaufl\u00f6sung (Nr. 23)<\/a><\/span><br \/>\n<span style=\"color: #008000;\"><a class=\"outlink\" style=\"color: #008000;\" href=\"http:\/\/www.berufsbildung.ch\/download\/mb8.pdf\" target=\"_blank\" rel=\"noopener noreferrer\">Schnupperlehre &#8211; Eine Hilfestellung f\u00fcr den Lehrbetrieb bei der Durchf\u00fchrung von Schnupperlehren (Nr. 8)<\/a><\/span><br \/>\n<span style=\"color: #008000;\"><a class=\"outlink\" style=\"color: #008000;\" href=\"http:\/\/www.berufsbildung.ch\/download\/mb21.pdf\" target=\"_blank\" rel=\"noopener noreferrer\">Vollj\u00e4hrigkeit (Nr. 21)<\/a><\/span><br \/>\n<span style=\"color: #008000;\"><a class=\"outlink\" style=\"color: #008000;\" href=\"http:\/\/www.berufsbildung.ch\/download\/mb15.pdf\" target=\"_blank\" rel=\"noopener noreferrer\">Zweij\u00e4hrige berufliche Grundbildung mit eidg. Berufsattest (Nr. 15)<\/a><\/span><\/p>\n<hr \/>\n<h5>Brosch\u00fcre<\/h5>\n<hr \/>\n<pre><span style=\"color: #008000;\"><a style=\"color: #008000;\" href=\"file:\/\/\/Users\/marc\/Downloads\/seco_jugend_d_15_web.pdf\"> Brosch\u00fcre Jugendarbeitsschutz f\u00fcr Jugendliche unter 18 Jahren \u00a0 \u00a0\/<\/a><a style=\"color: #008000;\" href=\"https:\/\/abuchecker.ch\/abufri\/wp-content\/uploads\/2020\/10\/seco_jugend_d_15_web.pdf\">PDF Brosch\u00fcre<\/a><\/span><\/pre>\n<p>Die Brosch\u00fcre gibt Auskunft \u00fcber die wesentlichen Sonderbestimmungen zum Schutz der jugendlichen Arbeitnehmenden gem\u00e4ss Arbeitsgesetz und Jugendarbeitsschutzverordnung. Sie soll die Jugendlichen auf m\u00f6glichst einfache Art und Weise informieren und vor allem Antworten auf Fragen geben.<\/p>\n<hr \/>\n<pre><span style=\"color: #008000;\"><a style=\"color: #008000;\" href=\"https:\/\/abuchecker.ch\/abufri\/wp-content\/uploads\/2020\/08\/lehrvertrag_rechtlich.docx\">Der Lehrvertrag (<em>Frank Emmel, Advokat <\/em><\/a><em><a style=\"color: #008000;\" href=\"http:\/\/news.jobs.nzz.ch\/magazin\/arbeit\/arbeitsrecht\/\">NZZ executive, <\/a>30.07.2016)<\/em><\/span><\/pre>\n<p>Bald wird f\u00fcr viele Lernende und Lehrbetriebe ihr Lehrverh\u00e4ltnis beginnen. Zugrunde liegt ihm ein Lehrvertrag, den die Parteien zuvor miteinander abgeschlossen haben. Es ist ein Einzelarbeitsvertrag, der im Obligationenrecht (OR) besonders geregelt ist. Anders als die \u00fcbrigen Arbeitsvertr\u00e4ge dient er der Grundbildung in beruflicher Praxis. Deshalb und mit R\u00fccksicht auf die Schutzbed\u00fcrftigkeit der lernenden Person verlangt er nach spezifischen gesetzlichen Vorschriften. Entsprechend gilt im Lehrverh\u00e4ltnis auch eine erh\u00f6hte F\u00fcrsorgepflicht des Arbeitgebers.<\/p>\n<p><em>Frank Emmel, Advokat, <\/em><a href=\"http:\/\/news.jobs.nzz.ch\/magazin\/arbeit\/arbeitsrecht\/\"><em>NZZ executive, <\/em><\/a><em>30.07.2016, Seite 60<\/em><\/p>\n<p>&nbsp;<\/p>\n","protected":false},"excerpt":{"rendered":"<p>Links Lehrbeginn https:\/\/www.rechte-der-lernenden.ch\/ Der Lehrvertrag als Erkl\u00e4rvideo Lehrvertrag als interaktives PDF Dokument Der Lehrvertrag und Einzelarbeitsvertrag Wegweiser durch die Berufslehre&hellip;<\/p>\n","protected":false},"author":1,"featured_media":1538,"parent":0,"menu_order":0,"comment_status":"closed","ping_status":"closed","template":"","meta":{"footnotes":""},"class_list":["post-1536","page","type-page","status-publish","has-post-thumbnail","hentry"],"_links":{"self":[{"href":"https:\/\/abuchecker.ch\/abufri\/index.php?rest_route=\/wp\/v2\/pages\/1536","targetHints":{"allow":["GET"]}}],"collection":[{"href":"https:\/\/abuchecker.ch\/abufri\/index.php?rest_route=\/wp\/v2\/pages"}],"about":[{"href":"https:\/\/abuchecker.ch\/abufri\/index.php?rest_route=\/wp\/v2\/types\/page"}],"author":[{"embeddable":true,"href":"https:\/\/abuchecker.ch\/abufri\/index.php?rest_route=\/wp\/v2\/users\/1"}],"replies":[{"embeddable":true,"href":"https:\/\/abuchecker.ch\/abufri\/index.php?rest_route=%2Fwp%2Fv2%2Fcomments&post=1536"}],"version-history":[{"count":23,"href":"https:\/\/abuchecker.ch\/abufri\/index.php?rest_route=\/wp\/v2\/pages\/1536\/revisions"}],"predecessor-version":[{"id":2180,"href":"https:\/\/abuchecker.ch\/abufri\/index.php?rest_route=\/wp\/v2\/pages\/1536\/revisions\/2180"}],"wp:featuredmedia":[{"embeddable":true,"href":"https:\/\/abuchecker.ch\/abufri\/index.php?rest_route=\/wp\/v2\/media\/1538"}],"wp:attachment":[{"href":"https:\/\/abuchecker.ch\/abufri\/index.php?rest_route=%2Fwp%2Fv2%2Fmedia&parent=1536"}],"curies":[{"name":"wp","href":"https:\/\/api.w.org\/{rel}","templated":true}]}}

<h5>Links Lehrbeginn</h5>
<pre><span style="color: #008000;"><a style="color: #008000;" href="https://www.rechte-der-lernenden.ch/">https://www.rechte-der-lernenden.ch/</a></span></pre>
<pre><span style="color: #008000;"><a style="color: #008000;" href="https://www.berufsbildung.ch/dyn/25923.aspx" target="_blank" rel="noopener noreferrer">Der Lehrvertrag als Erklärvideo</a></span></pre>
<hr />
<pre>Lehrvertrag als interaktives <a href="http://www.berufsbildung.ch/dyn/1475.aspx" target="_blank" rel="noopener noreferrer">PDF Dokument</a></pre>
<hr />
<pre><a href="http://www.berufsbildung.ch/download/mb301.pdf" target="_blank" rel="noopener noreferrer">D<span style="color: #008000;">er Lehrvertrag und Einzelarbeitsvertrag</span></a></pre>
<pre><span style="color: #008000;"><a style="color: #008000;" href="https://abuchecker.ch/abufri/?attachment_id=1539" target="_blank" rel="attachment noopener wp-att-1539 noreferrer">Wegweiser durch die Berufslehre  </a></span></pre>
<hr />
<pre><span style="color: #008000;"><a style="color: #008000;" href="http://www.berufsbildung.ch/" target="_blank" rel="noopener noreferrer">www.berufsbildung.ch</a></span></pre>
<hr />
<pre><span style="color: #008000;">Das <a style="color: #008000;" href="http://doku.berufsbildung.ch/download/dokubb/index.html" target="_blank" rel="noopener noreferrer">Berufsbildlungssystem online</a></span></pre>
<hr />
<pre><span style="color: #008000;"><a style="color: #008000;" href="http://doku.berufsbildung.ch/dyn/3098.aspx" target="_blank" rel="noopener noreferrer">Merkblätter</a></span></pre>
<p><span style="color: #008000;"><a class="outlink" style="color: #008000;" href="http://mb.berufsbildung.ch/dyn/24822.aspx" target="_blank" rel="noopener noreferrer">Arbeitsrechtliche Grundlagen für Lernende in der beruflichen Grundbildung (Nr. 18)</a></span><br />
<span style="color: #008000;">Das Merkblatt wurde ersetzt durch die Merkblattreihe &#8222;Rechtsgrundlagen für Praxis der Berufsbildung&#8220;.</span><br />
<span style="color: #008000;"><a class="outlink" style="color: #008000;" href="http://www.berufsbildung.ch/download/mb17.pdf" target="_blank" rel="noopener noreferrer">Berufliche Grundbildung und Militär (Nr. 17)</a></span><br />
<span style="color: #008000;"><a class="outlink" style="color: #008000;" href="http://www.berufsbildung.ch/download/mb10.pdf" target="_blank" rel="noopener noreferrer">Berufsmaturität (Nr. 10)</a></span><br />
<span style="color: #008000;"><a class="outlink" style="color: #008000;" href="http://www.berufsbildung.ch/download/mb16.pdf" target="_blank" rel="noopener noreferrer">Drei- oder vierjährige berufliche Grundbildung mit eidgenössischem Fähigkeitszeugnis (Nr. 16)</a></span><br />
<span style="color: #008000;"><a class="outlink" style="color: #008000;" href="http://www.berufsbildung.ch/download/mb4.pdf" target="_blank" rel="noopener noreferrer">Ferienregelung für Lernende in der beruflichen Grundbildung (Nr. 4)</a></span><br />
<span style="color: #008000;"><a class="outlink" style="color: #008000;" href="http://www.berufsbildung.ch/download/mb22.pdf" target="_blank" rel="noopener noreferrer">Gefährliche Arbeiten &#8211; begleitende Massnahmen (Nr. 22)</a></span><br />
<span style="color: #008000;"><a class="outlink" style="color: #008000;" href="http://www.berufsbildung.ch/download/mb20.pdf" target="_blank" rel="noopener noreferrer">Gründung und Aufbau eines Lehrbetriebsverbunds (Nr. 20)</a></span><br />
<span style="color: #008000;"><a class="outlink" style="color: #008000;" href="http://www.berufsbildung.ch/download/mb2.pdf" target="_blank" rel="noopener noreferrer">Kurzarbeit im Lehrbetrieb und Schliessung des Lehrbetriebs (Nr. 2)</a></span><br />
<span style="color: #008000;"><a class="outlink" style="color: #008000;" href="http://www.berufsbildung.ch/download/mb19.pdf" target="_blank" rel="noopener noreferrer">Lehrbetriebsverbünde (Nr. 19)</a></span><br />
<span style="color: #008000;"><a class="outlink" style="color: #008000;" href="http://www.berufsbildung.ch/download/mb23.pdf" target="_blank" rel="noopener noreferrer">Lehrvertragsauflösung (Nr. 23)</a></span><br />
<span style="color: #008000;"><a class="outlink" style="color: #008000;" href="http://www.berufsbildung.ch/download/mb8.pdf" target="_blank" rel="noopener noreferrer">Schnupperlehre &#8211; Eine Hilfestellung für den Lehrbetrieb bei der Durchführung von Schnupperlehren (Nr. 8)</a></span><br />
<span style="color: #008000;"><a class="outlink" style="color: #008000;" href="http://www.berufsbildung.ch/download/mb21.pdf" target="_blank" rel="noopener noreferrer">Volljährigkeit (Nr. 21)</a></span><br />
<span style="color: #008000;"><a class="outlink" style="color: #008000;" href="http://www.berufsbildung.ch/download/mb15.pdf" target="_blank" rel="noopener noreferrer">Zweijährige berufliche Grundbildung mit eidg. Berufsattest (Nr. 15)</a></span></p>
<hr />
<h5>Broschüre</h5>
<hr />
<pre><span style="color: #008000;"><a style="color: #008000;" href="file:///Users/marc/Downloads/seco_jugend_d_15_web.pdf"> Broschüre Jugendarbeitsschutz für Jugendliche unter 18 Jahren    /</a><a style="color: #008000;" href="https://abuchecker.ch/abufri/wp-content/uploads/2020/10/seco_jugend_d_15_web.pdf">PDF Broschüre</a></span></pre>
<p>Die Broschüre gibt Auskunft über die wesentlichen Sonderbestimmungen zum Schutz der jugendlichen Arbeitnehmenden gemäss Arbeitsgesetz und Jugendarbeitsschutzverordnung. Sie soll die Jugendlichen auf möglichst einfache Art und Weise informieren und vor allem Antworten auf Fragen geben.</p>
<hr />
<pre><span style="color: #008000;"><a style="color: #008000;" href="https://abuchecker.ch/abufri/wp-content/uploads/2020/08/lehrvertrag_rechtlich.docx">Der Lehrvertrag (<em>Frank Emmel, Advokat </em></a><em><a style="color: #008000;" href="http://news.jobs.nzz.ch/magazin/arbeit/arbeitsrecht/">NZZ executive, </a>30.07.2016)</em></span></pre>
<p>Bald wird für viele Lernende und Lehrbetriebe ihr Lehrverhältnis beginnen. Zugrunde liegt ihm ein Lehrvertrag, den die Parteien zuvor miteinander abgeschlossen haben. Es ist ein Einzelarbeitsvertrag, der im Obligationenrecht (OR) besonders geregelt ist. Anders als die übrigen Arbeitsverträge dient er der Grundbildung in beruflicher Praxis. Deshalb und mit Rücksicht auf die Schutzbedürftigkeit der lernenden Person verlangt er nach spezifischen gesetzlichen Vorschriften. Entsprechend gilt im Lehrverhältnis auch eine erhöhte Fürsorgepflicht des Arbeitgebers.</p>
<p><em>Frank Emmel, Advokat, </em><a href="http://news.jobs.nzz.ch/magazin/arbeit/arbeitsrecht/"><em>NZZ executive, </em></a><em>30.07.2016, Seite 60</em></p>
<p>&nbsp;</p>

<p>Links Lehrbeginn https://www.rechte-der-lernenden.ch/ Der Lehrvertrag als Erklärvideo Lehrvertrag als interaktives PDF Dokument Der Lehrvertrag und Einzelarbeitsvertrag Wegweiser durch die Berufslehre&hellip;</p>
