{"id":1052,"date":"2019-10-17T09:14:41","date_gmt":"2019-10-17T09:14:41","guid":{"rendered":"http:\/\/abuchecker.ch\/abufri\/wp-content\/uploads\/2019\/10\/Satzbaumuster-f\u00fcr-die-Konjunktion-dass-Br\u00fccken.docx"},"modified":"2021-10-12T11:01:05","modified_gmt":"2021-10-12T11:01:05","slug":"satzbaumuster-fuer-die-konjunktion-dass-bruecken","status":"inherit","type":"attachment","link":"https:\/\/abuchecker.ch\/abufri\/?attachment_id=1052","title":{"rendered":"Satzbaumuster f\u00fcr die Konjunktion dass &#8211; Br\u00fccken"},"author":1,"featured_media":0,"comment_status":"open","ping_status":"closed","template":"","meta":[],"class_list":["post-1052","attachment","type-attachment","status-inherit","hentry"],"description":{"rendered":"<p class=\"attachment\"><a href='https:\/\/abuchecker.ch\/abufri\/wp-content\/uploads\/2019\/10\/Satzbaumuster-f\u00fcr-die-Konjunktion-dass-Br\u00fccken.docx'>Satzbaumuster f\u00fcr die Konjunktion dass - Br\u00fccken<\/a><\/p>\n"},"caption":{"rendered":"<p>Satzbaumuster f\u00fcr die Konjunktion dass &#8211; Br\u00fccken<\/p>\n"},"alt_text":"","media_type":"file","mime_type":"application\/vnd.openxmlformats-officedocument.wordprocessingml.document","media_details":{},"post":1090,"source_url":"https:\/\/abuchecker.ch\/abufri\/wp-content\/uploads\/2019\/10\/Satzbaumuster-f\u00fcr-die-Konjunktion-dass-Br\u00fccken.docx","filename":"Satzbaumuster-f\u00fcr-die-Konjunktion-dass-Br\u00fccken.docx","filesize":19545,"_links":{"self":[{"href":"https:\/\/abuchecker.ch\/abufri\/index.php?rest_route=\/wp\/v2\/media\/1052","targetHints":{"allow":["GET"]}}],"collection":[{"href":"https:\/\/abuchecker.ch\/abufri\/index.php?rest_route=\/wp\/v2\/media"}],"about":[{"href":"https:\/\/abuchecker.ch\/abufri\/index.php?rest_route=\/wp\/v2\/types\/attachment"}],"author":[{"embeddable":true,"href":"https:\/\/abuchecker.ch\/abufri\/index.php?rest_route=\/wp\/v2\/users\/1"}],"replies":[{"embeddable":true,"href":"https:\/\/abuchecker.ch\/abufri\/index.php?rest_route=%2Fwp%2Fv2%2Fcomments&post=1052"}],"wp:attached-to":[{"embeddable":true,"post_type":"post","id":1090,"href":"https:\/\/abuchecker.ch\/abufri\/index.php?rest_route=\/wp\/v2\/posts\/1090"}],"curies":[{"name":"wp","href":"https:\/\/api.w.org\/{rel}","templated":true}]}}

http://abuchecker.ch/abufri/wp-content/uploads/2019/10/Satzbaumuster-für-die-Konjunktion-dass-Brücken.docx

Satzbaumuster für die Konjunktion dass &#8211; Brücken

<p class="attachment"><a href='https://abuchecker.ch/abufri/wp-content/uploads/2019/10/Satzbaumuster-für-die-Konjunktion-dass-Brücken.docx'>Satzbaumuster für die Konjunktion dass - Brücken</a></p>

<p>Satzbaumuster für die Konjunktion dass &#8211; Brücken</p>

https://abuchecker.ch/abufri/wp-content/uploads/2019/10/Satzbaumuster-für-die-Konjunktion-dass-Brücken.docx

Satzbaumuster-für-die-Konjunktion-dass-Brücken.docx
